{"id":34,"date":"2025-04-29T11:54:38","date_gmt":"2025-04-29T11:54:38","guid":{"rendered":"https:\/\/argian.org\/www\/?page_id=34"},"modified":"2025-11-11T16:30:22","modified_gmt":"2025-11-11T16:30:22","slug":"formacion-gestalt-argian","status":"publish","type":"page","link":"https:\/\/argian.org\/www\/formacion-gestalt-argian\/","title":{"rendered":"Formaci\u00f3n Terapia Gestalt"},"content":{"rendered":"\t\t<div data-elementor-type=\"wp-page\" data-elementor-id=\"34\" class=\"elementor elementor-34\" data-elementor-post-type=\"page\">\n\t\t\t\t<div class=\"elementor-element elementor-element-19ff2f5 e-con-full e-flex e-con e-parent\" data-id=\"19ff2f5\" data-element_type=\"container\" data-e-type=\"container\" data-settings=\"{&quot;background_background&quot;:&quot;classic&quot;}\">\n\t\t\t\t<div class=\"elementor-element elementor-element-dc2264a elementor-widget elementor-widget-heading\" data-id=\"dc2264a\" data-element_type=\"widget\" data-e-type=\"widget\" data-widget_type=\"heading.default\">\n\t\t\t\t\t<h2 class=\"elementor-heading-title elementor-size-default\">Terapia <br>\nGestalt<\/h2>\t\t\t\t<\/div>\n\t\t\t\t<\/div>\n\t\t<div class=\"elementor-element elementor-element-3646214 e-con-full bg-oteiza anim-color e-flex e-con e-parent\" data-id=\"3646214\" data-element_type=\"container\" data-e-type=\"container\">\n\t\t<div class=\"elementor-element elementor-element-80076cb e-con-full e-transform e-flex e-con e-child\" data-id=\"80076cb\" data-element_type=\"container\" data-e-type=\"container\" data-settings=\"{&quot;position&quot;:&quot;absolute&quot;,&quot;_transform_scale_effect&quot;:{&quot;unit&quot;:&quot;px&quot;,&quot;size&quot;:1.6,&quot;sizes&quot;:[]},&quot;_transform_scale_effect_widescreen&quot;:{&quot;unit&quot;:&quot;px&quot;,&quot;size&quot;:&quot;&quot;,&quot;sizes&quot;:[]},&quot;_transform_scale_effect_laptop&quot;:{&quot;unit&quot;:&quot;px&quot;,&quot;size&quot;:&quot;&quot;,&quot;sizes&quot;:[]},&quot;_transform_scale_effect_tablet_extra&quot;:{&quot;unit&quot;:&quot;px&quot;,&quot;size&quot;:&quot;&quot;,&quot;sizes&quot;:[]},&quot;_transform_scale_effect_tablet&quot;:{&quot;unit&quot;:&quot;px&quot;,&quot;size&quot;:&quot;&quot;,&quot;sizes&quot;:[]},&quot;_transform_scale_effect_mobile&quot;:{&quot;unit&quot;:&quot;px&quot;,&quot;size&quot;:&quot;&quot;,&quot;sizes&quot;:[]}}\">\n\t\t\t\t<div class=\"elementor-element elementor-element-2dd13df elementor-align-center elementor-mobile-align-center elementor-widget-mobile__width-auto elementor-widget elementor-widget-button\" data-id=\"2dd13df\" data-element_type=\"widget\" data-e-type=\"widget\" data-widget_type=\"button.default\">\n\t\t\t\t\t\t\t\t\t\t<a class=\"elementor-button elementor-button-link elementor-size-sm\" href=\"https:\/\/docs.google.com\/forms\/d\/e\/1FAIpQLScKLhBJcQ2WESXEIvHJFGDNd1J3ohWgBmAs5hLV9I8p3aTqsQ\/viewform?usp=dialog\" target=\"_blank\">\n\t\t\t\t\t\t<span class=\"elementor-button-content-wrapper\">\n\t\t\t\t\t\t\t\t\t<span class=\"elementor-button-text\">EDICI\u00d3N 2026: SOLICITA TU ENTREVISTA<\/span>\n\t\t\t\t\t<\/span>\n\t\t\t\t\t<\/a>\n\t\t\t\t\t\t\t\t<\/div>\n\t\t\t\t<\/div>\n\t\t<div class=\"elementor-element elementor-element-29f5d56b e-con-full e-flex e-con e-child\" data-id=\"29f5d56b\" data-element_type=\"container\" data-e-type=\"container\">\n\t\t\t\t<div class=\"elementor-element elementor-element-17fbb923 elementor-widget__width-initial elementor-widget-mobile__width-inherit elementor-widget elementor-widget-text-editor\" data-id=\"17fbb923\" data-element_type=\"widget\" data-e-type=\"widget\" data-widget_type=\"text-editor.default\">\n\t\t\t\t\t\t\t\t\t<p>Se trata de cursos te\u00f3rico-pr\u00e1cticos impartidos en m\u00f3dulos de fin de semana a lo largo de 3 a\u00f1os, con una duraci\u00f3n total de 600horas.<\/p><p>El programa que se ofrece es el indicado por la <strong>Asociaci\u00f3n Espa\u00f1ola de Terapia Gestalt (AETG)<\/strong> y la <strong>Federaci\u00f3n Espa\u00f1ola de Asociaciones de Psicoterapeutas (FEAP).<\/strong><\/p>\t\t\t\t\t\t\t\t<\/div>\n\t\t\t\t<\/div>\n\t\t\t\t<\/div>\n\t\t<div class=\"elementor-element elementor-element-3e372939 e-con-full e-flex e-con e-parent\" data-id=\"3e372939\" data-element_type=\"container\" data-e-type=\"container\" data-settings=\"{&quot;background_background&quot;:&quot;classic&quot;}\">\n\t\t<div class=\"elementor-element elementor-element-46172bd6 e-con-full e-flex e-con e-child\" data-id=\"46172bd6\" data-element_type=\"container\" data-e-type=\"container\">\n\t\t\t\t<div class=\"elementor-element elementor-element-24d19cde elementor-widget elementor-widget-image\" data-id=\"24d19cde\" data-element_type=\"widget\" data-e-type=\"widget\" data-widget_type=\"image.default\">\n\t\t\t\t\t\t\t\t\t\t\t\t\t\t\t<img fetchpriority=\"high\" decoding=\"async\" width=\"2048\" height=\"2048\" src=\"https:\/\/argian.org\/www\/wp-content\/uploads\/2025\/05\/oteiza.webp\" class=\"attachment-full size-full wp-image-1380\" alt=\"\" srcset=\"https:\/\/argian.org\/www\/wp-content\/uploads\/2025\/05\/oteiza.webp 2048w, https:\/\/argian.org\/www\/wp-content\/uploads\/2025\/05\/oteiza-300x300.webp 300w, https:\/\/argian.org\/www\/wp-content\/uploads\/2025\/05\/oteiza-1024x1024.webp 1024w, https:\/\/argian.org\/www\/wp-content\/uploads\/2025\/05\/oteiza-150x150.webp 150w, https:\/\/argian.org\/www\/wp-content\/uploads\/2025\/05\/oteiza-768x768.webp 768w, https:\/\/argian.org\/www\/wp-content\/uploads\/2025\/05\/oteiza-1536x1536.webp 1536w\" sizes=\"(max-width: 2048px) 100vw, 2048px\" \/>\t\t\t\t\t\t\t\t\t\t\t\t\t\t\t<\/div>\n\t\t\t\t<\/div>\n\t\t<div class=\"elementor-element elementor-element-77d88760 e-con-full e-flex e-con e-child\" data-id=\"77d88760\" data-element_type=\"container\" data-e-type=\"container\" data-settings=\"{&quot;background_background&quot;:&quot;classic&quot;}\">\n\t\t\t\t<div class=\"elementor-element elementor-element-6bc5dd09 elementor-widget__width-initial elementor-widget-mobile__width-inherit elementor-widget elementor-widget-text-editor\" data-id=\"6bc5dd09\" data-element_type=\"widget\" data-e-type=\"widget\" data-widget_type=\"text-editor.default\">\n\t\t\t\t\t\t\t\t\t<p>Esta formaci\u00f3n, nace desde una visi\u00f3n inspirada en la Gestalt Viva de Claudio Naranjo, integrando el cuerpo, la emoci\u00f3n, la conciencia y el contacto humano como caminos de transformaci\u00f3n profunda.<\/p><p>Es una propuesta vivencial, se trata de aprender desde la vivencia directa, habitando el cuerpo y la escucha profunda (a un@ mim@ y al otr@).<\/p>\t\t\t\t\t\t\t\t<\/div>\n\t\t\t\t<\/div>\n\t\t\t\t<\/div>\n\t\t<div class=\"elementor-element elementor-element-1ab0d88e e-con-full bg-oteiza-2 anim-color e-flex e-con e-parent\" data-id=\"1ab0d88e\" data-element_type=\"container\" data-e-type=\"container\">\n\t\t\t\t<div class=\"elementor-element elementor-element-7b5592a9 elementor-widget__width-initial anim-pulse elementor-widget elementor-widget-heading\" data-id=\"7b5592a9\" data-element_type=\"widget\" data-e-type=\"widget\" data-settings=\"{&quot;motion_fx_motion_fx_scrolling&quot;:&quot;yes&quot;,&quot;motion_fx_opacity_effect&quot;:&quot;yes&quot;,&quot;motion_fx_opacity_range&quot;:{&quot;unit&quot;:&quot;%&quot;,&quot;size&quot;:&quot;&quot;,&quot;sizes&quot;:{&quot;start&quot;:40,&quot;end&quot;:59}},&quot;motion_fx_opacity_direction&quot;:&quot;out-in&quot;,&quot;motion_fx_opacity_level&quot;:{&quot;unit&quot;:&quot;px&quot;,&quot;size&quot;:10,&quot;sizes&quot;:[]},&quot;motion_fx_devices&quot;:[&quot;widescreen&quot;,&quot;desktop&quot;,&quot;laptop&quot;,&quot;tablet_extra&quot;,&quot;tablet&quot;,&quot;mobile&quot;]}\" data-widget_type=\"heading.default\">\n\t\t\t\t\t<h2 class=\"elementor-heading-title elementor-size-default\">Movimiento integrativo capaz de fundir aportes procedentes de muchos frentes<\/h2>\t\t\t\t<\/div>\n\t\t\t\t<\/div>\n\t\t<div class=\"elementor-element elementor-element-0775fa3 e-con-full e-flex e-con e-parent\" data-id=\"0775fa3\" data-element_type=\"container\" data-e-type=\"container\">\n\t\t<div class=\"elementor-element elementor-element-dcf1cae e-con-full e-flex e-con e-child\" data-id=\"dcf1cae\" data-element_type=\"container\" data-e-type=\"container\">\n\t\t\t\t<div class=\"elementor-element elementor-element-73b99f5 elementor-widget elementor-widget-heading\" data-id=\"73b99f5\" data-element_type=\"widget\" data-e-type=\"widget\" data-widget_type=\"heading.default\">\n\t\t\t\t\t<h2 class=\"elementor-heading-title elementor-size-default\">ESTRUCTURA DE LA FORMACI\u00d3N<\/h2>\t\t\t\t<\/div>\n\t\t\t\t<\/div>\n\t\t<div class=\"elementor-element elementor-element-5c9637e e-con-full e-flex e-con e-child\" data-id=\"5c9637e\" data-element_type=\"container\" data-e-type=\"container\">\n\t\t\t\t<div class=\"elementor-element elementor-element-e552c39 elementor-widget__width-initial elementor-widget-tablet__width-inherit elementor-widget elementor-widget-text-editor\" data-id=\"e552c39\" data-element_type=\"widget\" data-e-type=\"widget\" data-widget_type=\"text-editor.default\">\n\t\t\t\t\t\t\t\t\t<p><strong>Tres niveles distribuidos en 3 a\u00f1os<\/strong><\/p><ul><li>Nivel b\u00e1sico: Introducci\u00f3n a los principios y vivencia personal del enfoque gest\u00e1ltico.<\/li><li>Nivel de profundizaci\u00f3n: integraci\u00f3n de teor\u00eda, t\u00e9cnicas y pr\u00e1cticas supervisadas.<\/li><li>Nivel de supervisi\u00f3n: ejercicio terap\u00e9utico con pacientes reales o simulados y desarrollo de la identidad profesional.<\/li><\/ul><p>Cada curso se organiza en m\u00f3dulos mensuales intensivos, algunos de ellos en formato residencial. El trabajo se complementa con lectura de textos, entrega de memorias personales, terapia individual y supervisi\u00f3n.<\/p>\t\t\t\t\t\t\t\t<\/div>\n\t\t\t\t<\/div>\n\t\t\t\t<\/div>\n\t\t<div class=\"elementor-element elementor-element-4e816438 e-con-full bg-neon-duo anim-color e-flex e-con e-parent\" data-id=\"4e816438\" data-element_type=\"container\" data-e-type=\"container\">\n\t\t\t\t<div class=\"elementor-element elementor-element-48f8aca elementor-widget__width-initial anim-pulse elementor-widget elementor-widget-heading\" data-id=\"48f8aca\" data-element_type=\"widget\" data-e-type=\"widget\" data-settings=\"{&quot;motion_fx_motion_fx_scrolling&quot;:&quot;yes&quot;,&quot;motion_fx_opacity_effect&quot;:&quot;yes&quot;,&quot;motion_fx_opacity_range&quot;:{&quot;unit&quot;:&quot;%&quot;,&quot;size&quot;:&quot;&quot;,&quot;sizes&quot;:{&quot;start&quot;:40,&quot;end&quot;:59}},&quot;motion_fx_opacity_direction&quot;:&quot;out-in&quot;,&quot;motion_fx_opacity_level&quot;:{&quot;unit&quot;:&quot;px&quot;,&quot;size&quot;:10,&quot;sizes&quot;:[]},&quot;motion_fx_devices&quot;:[&quot;widescreen&quot;,&quot;desktop&quot;,&quot;laptop&quot;,&quot;tablet_extra&quot;,&quot;tablet&quot;,&quot;mobile&quot;]}\" data-widget_type=\"heading.default\">\n\t\t\t\t\t<h2 class=\"elementor-heading-title elementor-size-default\">Gestalt significa forma. <br>\nLa Terapia Gestalt propone un movimiento \nde \u201ccompletar formas\u201d<\/h2>\t\t\t\t<\/div>\n\t\t\t\t<\/div>\n\t\t<div class=\"elementor-element elementor-element-fa45afc e-con-full e-flex e-con e-parent\" data-id=\"fa45afc\" data-element_type=\"container\" data-e-type=\"container\">\n\t\t<div class=\"elementor-element elementor-element-1684ef7 e-con-full e-flex e-con e-child\" data-id=\"1684ef7\" data-element_type=\"container\" data-e-type=\"container\">\n\t\t\t\t<div class=\"elementor-element elementor-element-cd31804 elementor-widget elementor-widget-heading\" data-id=\"cd31804\" data-element_type=\"widget\" data-e-type=\"widget\" data-widget_type=\"heading.default\">\n\t\t\t\t\t<h2 class=\"elementor-heading-title elementor-size-default\">metodolog\u00eda<\/h2>\t\t\t\t<\/div>\n\t\t\t\t<\/div>\n\t\t<div class=\"elementor-element elementor-element-81cf0ab e-con-full e-flex e-con e-child\" data-id=\"81cf0ab\" data-element_type=\"container\" data-e-type=\"container\">\n\t\t\t\t<div class=\"elementor-element elementor-element-cdc8190 elementor-widget__width-initial elementor-widget-mobile__width-inherit elementor-widget elementor-widget-text-editor\" data-id=\"cdc8190\" data-element_type=\"widget\" data-e-type=\"widget\" data-widget_type=\"text-editor.default\">\n\t\t\t\t\t\t\t\t\t<p><strong>Talleres vivenciales, ejercicios pr\u00e1cticos y din\u00e1micas grupales.<\/strong><\/p><p>Estudio te\u00f3rico de los fundamentos de la Gestalt (fenomenolog\u00eda, existencialismo, humanismo)<\/p><p>Trabajo personal obligatorio: terapia individual, escritura de diario y participaci\u00f3n activa.<\/p><p>Supervisi\u00f3n individual y grupal como parte del desarrollo \u00e9tico y profesional.<\/p>\t\t\t\t\t\t\t\t<\/div>\n\t\t\t\t<\/div>\n\t\t\t\t<\/div>\n\t\t<div class=\"elementor-element elementor-element-4211c3e2 e-con-full bg-sistemica-2 anim-color e-flex e-con e-parent\" data-id=\"4211c3e2\" data-element_type=\"container\" data-e-type=\"container\">\n\t\t<div class=\"elementor-element elementor-element-6d8a2b07 e-con-full e-flex e-con e-child\" data-id=\"6d8a2b07\" data-element_type=\"container\" data-e-type=\"container\">\n\t\t\t\t<div class=\"elementor-element elementor-element-1ff74650 elementor-widget__width-initial elementor-widget elementor-widget-image\" data-id=\"1ff74650\" data-element_type=\"widget\" data-e-type=\"widget\" data-widget_type=\"image.default\">\n\t\t\t\t\t\t\t\t\t\t\t\t\t\t\t<img decoding=\"async\" width=\"1536\" height=\"2048\" src=\"https:\/\/argian.org\/www\/wp-content\/uploads\/2025\/05\/oteiza-2.webp\" class=\"attachment-full size-full wp-image-1396\" alt=\"\" srcset=\"https:\/\/argian.org\/www\/wp-content\/uploads\/2025\/05\/oteiza-2.webp 1536w, https:\/\/argian.org\/www\/wp-content\/uploads\/2025\/05\/oteiza-2-225x300.webp 225w, https:\/\/argian.org\/www\/wp-content\/uploads\/2025\/05\/oteiza-2-768x1024.webp 768w, https:\/\/argian.org\/www\/wp-content\/uploads\/2025\/05\/oteiza-2-1152x1536.webp 1152w\" sizes=\"(max-width: 1536px) 100vw, 1536px\" \/>\t\t\t\t\t\t\t\t\t\t\t\t\t\t\t<\/div>\n\t\t\t\t<\/div>\n\t\t<div class=\"elementor-element elementor-element-42f80fd7 e-con-full e-flex e-con e-child\" data-id=\"42f80fd7\" data-element_type=\"container\" data-e-type=\"container\">\n\t\t\t\t<\/div>\n\t\t\t\t<\/div>\n\t\t<div class=\"elementor-element elementor-element-bcb64b7 e-con-full bg-azul anim-color e-flex e-con e-parent\" data-id=\"bcb64b7\" data-element_type=\"container\" data-e-type=\"container\">\n\t\t<div class=\"elementor-element elementor-element-83660b3 e-con-full e-flex e-con e-child\" data-id=\"83660b3\" data-element_type=\"container\" data-e-type=\"container\">\n\t\t<div class=\"elementor-element elementor-element-48cf0ae e-con-full e-flex e-con e-child\" data-id=\"48cf0ae\" data-element_type=\"container\" data-e-type=\"container\">\n\t\t\t\t<div class=\"elementor-element elementor-element-c09a521 elementor-widget__width-initial elementor-widget-mobile__width-inherit elementor-widget elementor-widget-text-editor\" data-id=\"c09a521\" data-element_type=\"widget\" data-e-type=\"widget\" data-widget_type=\"text-editor.default\">\n\t\t\t\t\t\t\t\t\t<p>PROFESORADO<\/p><p>Contamos con profesionales de dilatada trayectoria en la formaci\u00f3n y supervisi\u00f3n terap\u00e9utica.<\/p>\t\t\t\t\t\t\t\t<\/div>\n\t\t\t\t<\/div>\n\t\t<div class=\"elementor-element elementor-element-33844d7 e-con-full e-flex e-con e-child\" data-id=\"33844d7\" data-element_type=\"container\" data-e-type=\"container\">\n\t\t\t\t<div class=\"elementor-element elementor-element-df36705 elementor-widget__width-initial elementor-widget-tablet__width-inherit elementor-widget elementor-widget-text-editor\" data-id=\"df36705\" data-element_type=\"widget\" data-e-type=\"widget\" data-widget_type=\"text-editor.default\">\n\t\t\t\t\t\t\t\t\t<p>I\u00f1aki Zapirain Iturraran<\/p><p>Juan Carlos Calvo Moreno<\/p><p>Juan Carlos Egurzegui Lorza<\/p><p>Eustaquio Garc\u00eda Vall\u00e9s<\/p><p>Aitor Ozerin Bengoa<\/p><p>Maris\u00e9 Barreiro<\/p><p>Carlos Cervera<\/p><p>Nieves Larroy Larroy<\/p><p>Lolique Lorente<\/p><p>Catalina Llad\u00f3<\/p><p>Cristina Nadal Muset<\/p><p>Unai Tortorika Bengoa<\/p><p>Angelina Masdeu Anguera<\/p><p>M\u00f3nica Quesada Juan<\/p>\t\t\t\t\t\t\t\t<\/div>\n\t\t\t\t<\/div>\n\t\t\t\t<\/div>\n\t\t<div class=\"elementor-element elementor-element-fd66522 e-con-full e-flex e-con e-child\" data-id=\"fd66522\" data-element_type=\"container\" data-e-type=\"container\">\n\t\t<div class=\"elementor-element elementor-element-249eae2 e-con-full e-flex e-con e-child\" data-id=\"249eae2\" data-element_type=\"container\" data-e-type=\"container\">\n\t\t\t\t<div class=\"elementor-element elementor-element-a6a7742 elementor-widget__width-initial elementor-widget elementor-widget-text-editor\" data-id=\"a6a7742\" data-element_type=\"widget\" data-e-type=\"widget\" data-widget_type=\"text-editor.default\">\n\t\t\t\t\t\t\t\t\t<p>DIRECCI\u00d3N<\/p>\t\t\t\t\t\t\t\t<\/div>\n\t\t\t\t<\/div>\n\t\t<div class=\"elementor-element elementor-element-5a9dcbb e-con-full e-flex e-con e-child\" data-id=\"5a9dcbb\" data-element_type=\"container\" data-e-type=\"container\">\n\t\t\t\t<div class=\"elementor-element elementor-element-f671c81 elementor-widget__width-initial elementor-widget-laptop__width-inherit elementor-widget elementor-widget-text-editor\" data-id=\"f671c81\" data-element_type=\"widget\" data-e-type=\"widget\" data-widget_type=\"text-editor.default\">\n\t\t\t\t\t\t\t\t\t<p>I\u00f1aki Zapirain<\/p>\t\t\t\t\t\t\t\t<\/div>\n\t\t\t\t<\/div>\n\t\t\t\t<\/div>\n\t\t<div class=\"elementor-element elementor-element-92158e7 e-con-full e-flex e-con e-child\" data-id=\"92158e7\" data-element_type=\"container\" data-e-type=\"container\">\n\t\t<div class=\"elementor-element elementor-element-4a18485 e-con-full e-flex e-con e-child\" data-id=\"4a18485\" data-element_type=\"container\" data-e-type=\"container\">\n\t\t\t\t<div class=\"elementor-element elementor-element-342a09d elementor-widget__width-initial elementor-widget elementor-widget-text-editor\" data-id=\"342a09d\" data-element_type=\"widget\" data-e-type=\"widget\" data-widget_type=\"text-editor.default\">\n\t\t\t\t\t\t\t\t\t<p>COORDINACI\u00d3N<\/p>\t\t\t\t\t\t\t\t<\/div>\n\t\t\t\t<\/div>\n\t\t<div class=\"elementor-element elementor-element-5cb3c44 e-con-full e-flex e-con e-child\" data-id=\"5cb3c44\" data-element_type=\"container\" data-e-type=\"container\">\n\t\t\t\t<div class=\"elementor-element elementor-element-8048e9d elementor-widget__width-initial elementor-widget elementor-widget-text-editor\" data-id=\"8048e9d\" data-element_type=\"widget\" data-e-type=\"widget\" data-widget_type=\"text-editor.default\">\n\t\t\t\t\t\t\t\t\t<p>Argian<\/p>\t\t\t\t\t\t\t\t<\/div>\n\t\t\t\t<\/div>\n\t\t\t\t<\/div>\n\t\t<div class=\"elementor-element elementor-element-e666867 e-con-full e-flex e-con e-child\" data-id=\"e666867\" data-element_type=\"container\" data-e-type=\"container\">\n\t\t<div class=\"elementor-element elementor-element-d428bb6 e-con-full e-flex e-con e-child\" data-id=\"d428bb6\" data-element_type=\"container\" data-e-type=\"container\">\n\t\t\t\t<div class=\"elementor-element elementor-element-c951d1f elementor-widget elementor-widget-text-editor\" data-id=\"c951d1f\" data-element_type=\"widget\" data-e-type=\"widget\" data-widget_type=\"text-editor.default\">\n\t\t\t\t\t\t\t\t\t<p>*Esta formaci\u00f3n est\u00e1 pensada especialmente para profesionales y estudiantes que trabajan en \u00e1mbitos sanitarios, educativos, sociales, asistenciales, comunicacionales o de mediaci\u00f3n.<\/p><p>Si eres psic\u00f3logo\/a, psiquiatra o trabajas en salud, te ayudar\u00e1 a integrar herramientas gest\u00e1lticas en tu pr\u00e1ctica, con una mirada m\u00e1s emp\u00e1tica, segura y profunda del proceso terap\u00e9utico.<\/p><p>Tambi\u00e9n est\u00e1 abierta a personas no profesionales interesadas en las relaciones humanas y desarrollo personal.<\/p>\t\t\t\t\t\t\t\t<\/div>\n\t\t\t\t<\/div>\n\t\t<div class=\"elementor-element elementor-element-9b624b0 e-con-full elementor-hidden-tablet e-flex e-con e-child\" data-id=\"9b624b0\" data-element_type=\"container\" data-e-type=\"container\">\n\t\t\t\t<\/div>\n\t\t\t\t<\/div>\n\t\t<div class=\"elementor-element elementor-element-cd7461f e-con-full e-flex e-con e-child\" data-id=\"cd7461f\" data-element_type=\"container\" data-e-type=\"container\">\n\t\t<div class=\"elementor-element elementor-element-299958f e-con-full e-flex e-con e-child\" data-id=\"299958f\" data-element_type=\"container\" data-e-type=\"container\">\n\t\t\t\t<div class=\"elementor-element elementor-element-5bfea60 elementor-widget elementor-widget-text-editor\" data-id=\"5bfea60\" data-element_type=\"widget\" data-e-type=\"widget\" data-widget_type=\"text-editor.default\">\n\t\t\t\t\t\t\t\t\t<h2><a href=\"https:\/\/argian.org\/www\/wp-content\/uploads\/2025\/06\/FormacionTerapiaGestalArgian2025Dossier-vB.pdf\" target=\"_blank\" rel=\"noopener\">Descargar Dossier<\/a><\/h2>\t\t\t\t\t\t\t\t<\/div>\n\t\t\t\t<\/div>\n\t\t<div class=\"elementor-element elementor-element-a55fcc0 e-con-full elementor-hidden-tablet e-flex e-con e-child\" data-id=\"a55fcc0\" data-element_type=\"container\" data-e-type=\"container\">\n\t\t\t\t<div class=\"elementor-element elementor-element-0c66def elementor-align-center elementor-widget elementor-widget-button\" data-id=\"0c66def\" data-element_type=\"widget\" data-e-type=\"widget\" data-widget_type=\"button.default\">\n\t\t\t\t\t\t\t\t\t\t<a class=\"elementor-button elementor-button-link elementor-size-sm\" href=\"https:\/\/docs.google.com\/forms\/d\/e\/1FAIpQLScKLhBJcQ2WESXEIvHJFGDNd1J3ohWgBmAs5hLV9I8p3aTqsQ\/viewform?usp=dialog\" target=\"_blank\">\n\t\t\t\t\t\t<span class=\"elementor-button-content-wrapper\">\n\t\t\t\t\t\t\t\t\t<span class=\"elementor-button-text\">EDICI\u00d3N 2026: SOLICITA TU ENTREVISTA<\/span>\n\t\t\t\t\t<\/span>\n\t\t\t\t\t<\/a>\n\t\t\t\t\t\t\t\t<\/div>\n\t\t\t\t<\/div>\n\t\t\t\t<\/div>\n\t\t\t\t<\/div>\n\t\t<div class=\"elementor-element elementor-element-44ddfe7 e-con-full bg-formacion anim-color e-flex e-con e-parent\" data-id=\"44ddfe7\" data-element_type=\"container\" data-e-type=\"container\">\n\t\t\t\t<div class=\"elementor-element elementor-element-296c5f2 elementor-widget__width-initial anim-pulse elementor-widget elementor-widget-heading\" data-id=\"296c5f2\" data-element_type=\"widget\" data-e-type=\"widget\" data-settings=\"{&quot;motion_fx_motion_fx_scrolling&quot;:&quot;yes&quot;,&quot;motion_fx_opacity_effect&quot;:&quot;yes&quot;,&quot;motion_fx_opacity_range&quot;:{&quot;unit&quot;:&quot;%&quot;,&quot;size&quot;:&quot;&quot;,&quot;sizes&quot;:{&quot;start&quot;:40,&quot;end&quot;:59}},&quot;motion_fx_opacity_direction&quot;:&quot;out-in&quot;,&quot;motion_fx_opacity_level&quot;:{&quot;unit&quot;:&quot;px&quot;,&quot;size&quot;:10,&quot;sizes&quot;:[]},&quot;motion_fx_devices&quot;:[&quot;widescreen&quot;,&quot;desktop&quot;,&quot;laptop&quot;,&quot;tablet_extra&quot;,&quot;tablet&quot;,&quot;mobile&quot;]}\" data-widget_type=\"heading.default\">\n\t\t\t\t\t<h2 class=\"elementor-heading-title elementor-size-default\">Conducir al individuo hacia un progresivo acercamiento al espacio corporal y su sabidur\u00eda impl\u00edcita.<\/h2>\t\t\t\t<\/div>\n\t\t\t\t<\/div>\n\t\t<div class=\"elementor-element elementor-element-19fd204 e-con-full e-flex e-con e-parent\" data-id=\"19fd204\" data-element_type=\"container\" data-e-type=\"container\">\n\t\t<div class=\"elementor-element elementor-element-74f54ee e-con-full e-flex e-con e-child\" data-id=\"74f54ee\" data-element_type=\"container\" data-e-type=\"container\">\n\t\t\t\t<div class=\"elementor-element elementor-element-5c087c4 elementor-widget elementor-widget-image\" data-id=\"5c087c4\" data-element_type=\"widget\" data-e-type=\"widget\" data-widget_type=\"image.default\">\n\t\t\t\t\t\t\t\t\t\t\t\t\t\t\t<img decoding=\"async\" width=\"2048\" height=\"2048\" src=\"https:\/\/argian.org\/www\/wp-content\/uploads\/2025\/05\/Image-copia.webp\" class=\"attachment-full size-full wp-image-1413\" alt=\"\" srcset=\"https:\/\/argian.org\/www\/wp-content\/uploads\/2025\/05\/Image-copia.webp 2048w, https:\/\/argian.org\/www\/wp-content\/uploads\/2025\/05\/Image-copia-300x300.webp 300w, https:\/\/argian.org\/www\/wp-content\/uploads\/2025\/05\/Image-copia-1024x1024.webp 1024w, https:\/\/argian.org\/www\/wp-content\/uploads\/2025\/05\/Image-copia-150x150.webp 150w, https:\/\/argian.org\/www\/wp-content\/uploads\/2025\/05\/Image-copia-768x768.webp 768w, https:\/\/argian.org\/www\/wp-content\/uploads\/2025\/05\/Image-copia-1536x1536.webp 1536w\" sizes=\"(max-width: 2048px) 100vw, 2048px\" \/>\t\t\t\t\t\t\t\t\t\t\t\t\t\t\t<\/div>\n\t\t\t\t<\/div>\n\t\t<div class=\"elementor-element elementor-element-cf842fc e-con-full e-flex e-con e-child\" data-id=\"cf842fc\" data-element_type=\"container\" data-e-type=\"container\">\n\t\t\t\t<div class=\"elementor-element elementor-element-5bed7f9 elementor-widget__width-initial elementor-widget-mobile__width-inherit elementor-widget elementor-widget-text-editor\" data-id=\"5bed7f9\" data-element_type=\"widget\" data-e-type=\"widget\" data-widget_type=\"text-editor.default\">\n\t\t\t\t\t\t\t\t\t<p>Proponemos una formaci\u00f3n eminentemente vivencial de manera que al final el estudiante sea capaz de comprender sus propios mecanismos ps\u00edquicos para as\u00ed poder comprender los de sus pacientes.<\/p>\t\t\t\t\t\t\t\t<\/div>\n\t\t\t\t<\/div>\n\t\t\t\t<\/div>\n\t\t<div class=\"elementor-element elementor-element-70a799a0 e-con-full bg-faro anim-color e-flex e-con e-parent\" data-id=\"70a799a0\" data-element_type=\"container\" data-e-type=\"container\" --dur-color=\"\">\n\t\t\t\t<div class=\"elementor-element elementor-element-485f1714 elementor-widget elementor-widget-heading\" data-id=\"485f1714\" data-element_type=\"widget\" data-e-type=\"widget\" data-widget_type=\"heading.default\">\n\t\t\t\t\t<h2 class=\"elementor-heading-title elementor-size-default\">\u00a1Continuemos con el viaje, <br>\nlos faros nos gu\u00edan!<\/h2>\t\t\t\t<\/div>\n\t\t\t\t<\/div>\n\t\t\t\t<\/div>\n\t\t","protected":false},"excerpt":{"rendered":"<p>Terapia Gestalt EDICI\u00d3N 2026: SOLICITA TU ENTREVISTA Se trata de cursos te\u00f3rico-pr\u00e1cticos impartidos en m\u00f3dulos de fin de semana a lo largo de 3 a\u00f1os, con una duraci\u00f3n total de 600horas. El programa que se ofrece es el indicado por la Asociaci\u00f3n Espa\u00f1ola de Terapia Gestalt (AETG) y la Federaci\u00f3n Espa\u00f1ola de Asociaciones de Psicoterapeutas [&hellip;]<\/p>\n","protected":false},"author":1,"featured_media":0,"parent":0,"menu_order":0,"comment_status":"closed","ping_status":"closed","template":"elementor_header_footer","meta":{"footnotes":""},"class_list":["post-34","page","type-page","status-publish","hentry"],"_links":{"self":[{"href":"https:\/\/argian.org\/www\/wp-json\/wp\/v2\/pages\/34","targetHints":{"allow":["GET"]}}],"collection":[{"href":"https:\/\/argian.org\/www\/wp-json\/wp\/v2\/pages"}],"about":[{"href":"https:\/\/argian.org\/www\/wp-json\/wp\/v2\/types\/page"}],"author":[{"embeddable":true,"href":"https:\/\/argian.org\/www\/wp-json\/wp\/v2\/users\/1"}],"replies":[{"embeddable":true,"href":"https:\/\/argian.org\/www\/wp-json\/wp\/v2\/comments?post=34"}],"version-history":[{"count":149,"href":"https:\/\/argian.org\/www\/wp-json\/wp\/v2\/pages\/34\/revisions"}],"predecessor-version":[{"id":2156,"href":"https:\/\/argian.org\/www\/wp-json\/wp\/v2\/pages\/34\/revisions\/2156"}],"wp:attachment":[{"href":"https:\/\/argian.org\/www\/wp-json\/wp\/v2\/media?parent=34"}],"curies":[{"name":"wp","href":"https:\/\/api.w.org\/{rel}","templated":true}]}}