{"id":647,"date":"2025-05-06T14:55:07","date_gmt":"2025-05-06T14:55:07","guid":{"rendered":"https:\/\/argian.org\/www\/?post_type=equipo&#038;p=647"},"modified":"2025-09-26T14:57:46","modified_gmt":"2025-09-26T14:57:46","slug":"mikel-meabe-ruiz","status":"publish","type":"equipo","link":"https:\/\/argian.org\/www\/equipo\/mikel-meabe-ruiz\/","title":{"rendered":"MIKEL MEABE RUIZ"},"content":{"rendered":"\n<h2 class=\"wp-block-heading\">GESTALT \/ MUSICOTERAPIA<\/h2>\n\n\n\n<p><strong>Adultos, infancia y adolescencia<br><\/strong>Trabajo desde la Gestalt, el cuerpo y la musicoterapia, desarrollando un enfoque propio que sigo cultivando a trav\u00e9s de mi formaci\u00f3n y experiencia. La m\u00fasica ha sido una constante en mi vida desde la infancia y hoy es un pilar esencial en mi manera de acompa\u00f1ar. La integro de forma org\u00e1nica en mi trabajo terap\u00e9utico, permitiendo que el sonido, el ritmo y la expresi\u00f3n sean v\u00edas de conexi\u00f3n.<br>Mi camino hacia esta vocaci\u00f3n comenz\u00f3 con el deseo de criar a mis dos hijos de manera respetuosa y consciente. Este proceso me llev\u00f3 a un profundo viaje de autoconocimiento, donde descubr\u00ed mi pasi\u00f3n por acompa\u00f1ar a otras personas en sus propios procesos de sanaci\u00f3n.<br>Inici\u00e9 mi trayectoria profesional con ni\u00f1os y adolescentes, un grupo con el que disfruto profundamente. Actualmente, tambi\u00e9n trabajo con personas adultas, y he descubierto que no somos tan diferentes: todos llevamos un ni\u00f1o interior que necesita ser atendido.<\/p>\n\n\n\n<p><strong>FORMACI\u00d3N<\/strong><\/p>\n\n\n\n<ul class=\"wp-block-list\">\n<li>MUSICOTERAPIA, en el CIM, Centro de Investigaci\u00f3n Musicoterap\u00e9utica de BILBAO.<\/li>\n\n\n\n<li>GESTALT, en el centro Gestalt zentroa, con I\u00f1aki Zapirain (director).<\/li>\n\n\n\n<li>GESTALT INFANCIA Y ADOLESCENCIA (GIA), en Gestalt zentroa.<\/li>\n\n\n\n<li>M\u00f3dulos 1\/2\/3\/4\/5\/6 del Modelo Benenzon (Musicoterapia no verbal).<\/li>\n\n\n\n<li>Educaci\u00f3n Creadora, con Miguel Castro y Vega Martin.<\/li>\n\n\n\n<li>El cuidado del alma infantil (CAI), con Crist\u00f3bal Gutierrez.<\/li>\n\n\n\n<li>Educaci\u00f3n Autodidacta \u201cPor un nuevo paradigma educativo\u201d, con la Fundaci\u00f3n Laura Luna.<\/li>\n\n\n\n<li>Educando y creciendo con nuestros hijos, con Nerea Mendizabal.<\/li>\n<\/ul>\n\n\n\n<p><strong>ACTUALMENTE<\/strong><\/p>\n\n\n\n<ul class=\"wp-block-list\">\n<li>Form\u00e1ndome en el proceso SAT de Claudio Naranjo.<\/li>\n\n\n\n<li>Form\u00e1ndome en Biodin\u00e1mica Craneosacral.<\/li>\n\n\n\n<li>Cursando la Pr\u00e1ctica y Did\u00e1ctica de Movimiento Aut\u00e9ntico con Betina Waissman y Andr\u00e9s Waksman<\/li>\n<\/ul>\n","protected":false},"excerpt":{"rendered":"<p>GESTALT \/ MUSICOTERAPIA Adultos, infancia y adolescenciaTrabajo desde la Gestalt, el cuerpo y la musicoterapia, desarrollando un enfoque propio que sigo cultivando a trav\u00e9s de mi formaci\u00f3n y experiencia. La m\u00fasica ha sido una constante en mi vida desde la infancia y hoy es un pilar esencial en mi manera de acompa\u00f1ar. La integro de [&hellip;]<\/p>\n","protected":false},"featured_media":2104,"template":"","format":"standard","categories":[8],"class_list":["post-647","equipo","type-equipo","status-publish","format-standard","has-post-thumbnail","hentry","category-colaborador"],"_links":{"self":[{"href":"https:\/\/argian.org\/www\/wp-json\/wp\/v2\/equipo\/647","targetHints":{"allow":["GET"]}}],"collection":[{"href":"https:\/\/argian.org\/www\/wp-json\/wp\/v2\/equipo"}],"about":[{"href":"https:\/\/argian.org\/www\/wp-json\/wp\/v2\/types\/equipo"}],"wp:featuredmedia":[{"embeddable":true,"href":"https:\/\/argian.org\/www\/wp-json\/wp\/v2\/media\/2104"}],"wp:attachment":[{"href":"https:\/\/argian.org\/www\/wp-json\/wp\/v2\/media?parent=647"}],"wp:term":[{"taxonomy":"category","embeddable":true,"href":"https:\/\/argian.org\/www\/wp-json\/wp\/v2\/categories?post=647"}],"curies":[{"name":"wp","href":"https:\/\/api.w.org\/{rel}","templated":true}]}}

<h2 class="wp-block-heading">GESTALT / MUSICOTERAPIA</h2>



<p><strong>Adultos, infancia y adolescencia<br></strong>Trabajo desde la Gestalt, el cuerpo y la musicoterapia, desarrollando un enfoque propio que sigo cultivando a través de mi formación y experiencia. La música ha sido una constante en mi vida desde la infancia y hoy es un pilar esencial en mi manera de acompañar. La integro de forma orgánica en mi trabajo terapéutico, permitiendo que el sonido, el ritmo y la expresión sean vías de conexión.<br>Mi camino hacia esta vocación comenzó con el deseo de criar a mis dos hijos de manera respetuosa y consciente. Este proceso me llevó a un profundo viaje de autoconocimiento, donde descubrí mi pasión por acompañar a otras personas en sus propios procesos de sanación.<br>Inicié mi trayectoria profesional con niños y adolescentes, un grupo con el que disfruto profundamente. Actualmente, también trabajo con personas adultas, y he descubierto que no somos tan diferentes: todos llevamos un niño interior que necesita ser atendido.</p>



<p><strong>FORMACIÓN</strong></p>



<ul class="wp-block-list">
<li>MUSICOTERAPIA, en el CIM, Centro de Investigación Musicoterapéutica de BILBAO.</li>



<li>GESTALT, en el centro Gestalt zentroa, con Iñaki Zapirain (director).</li>



<li>GESTALT INFANCIA Y ADOLESCENCIA (GIA), en Gestalt zentroa.</li>



<li>Módulos 1/2/3/4/5/6 del Modelo Benenzon (Musicoterapia no verbal).</li>



<li>Educación Creadora, con Miguel Castro y Vega Martin.</li>



<li>El cuidado del alma infantil (CAI), con Cristóbal Gutierrez.</li>



<li>Educación Autodidacta “Por un nuevo paradigma educativo”, con la Fundación Laura Luna.</li>



<li>Educando y creciendo con nuestros hijos, con Nerea Mendizabal.</li>
</ul>



<p><strong>ACTUALMENTE</strong></p>



<ul class="wp-block-list">
<li>Formándome en el proceso SAT de Claudio Naranjo.</li>



<li>Formándome en Biodinámica Craneosacral.</li>



<li>Cursando la Práctica y Didáctica de Movimiento Auténtico con Betina Waissman y Andrés Waksman</li>
</ul>

<p>GESTALT / MUSICOTERAPIA Adultos, infancia y adolescenciaTrabajo desde la Gestalt, el cuerpo y la musicoterapia, desarrollando un enfoque propio que sigo cultivando a través de mi formación y experiencia. La música ha sido una constante en mi vida desde la infancia y hoy es un pilar esencial en mi manera de acompañar. La integro de [&hellip;]</p>
